-30)). Let u = 1258 + m. Is u prime?
True
Let p be -1 + -2*(-9)/3. Suppose p*b - 58 = -3. Is 2/b - 6917/(-11) prime?
False
Let o(x) = x**3 + 12*x**2 + 11*x - 24. Let f be o(-11). Let a be (-1 - f)/(5/35). Suppose 0 = -u + 5*h + a, -h + 0*h + 167 = u. Is u composite?
True
Suppose 792 - 2930 = -u. Suppose -10*d + 2*m = -14*d + 4956, 4*d = 3*m + 4936. Let k = u - d. Is k a prime number?
False
Suppose 3200 = 4*l + 9812. Let j = l - -2582. Let t = j - 482. Is t prime?
False
Suppose 0 = -4*i + 2*k - 18314, -5*i + 11440 = k + 34322. Let a = i - -16170. Is a a prime number?
True
Suppose -7*r + 3 - 24 = 0. Let v be (-9)/r - -3*(-3)/9. Suppose -3*t + p + 4204 = v*p, -4*p = -3*t + 4229. Is t composite?
True
Let l be (-6)/15 + 8/20. Suppose v + h + 4*h - 47 = l, 0 = 4*v + 2*h - 170. Let b = 51 - v. Is b a prime number?
False
Let c = 100 + -93. Let a be 2/(-7) - 82/c. Is (28/a*2)/((-4)/1986) prime?
False
Let i(x) = x**2 + x + 1. Let c be i(-6). Suppose 4*p + z + 111 = 0, -p + 0*z = -3*z + c. Is (-9070)/15*(2 - p/(-8)) a composite number?
False
Suppose 2*r + 39 = 3*s - 35, 34 = s + 4*r. Suppose -4*d + s = -17*d. Let f(b) = -356*b + 1. Is f(d) a composite number?
True
Let h = -32466 + 94727. Suppose -4*k = 2049 - h. Is k composite?
False
Suppose -4*j = -3*t - 357502, 2*t = 4*j - 191281 - 166223. Is j prime?
False
Let r be -107*(3 - 5) - 0. Let t = 421 - r. Is t + (2 - 1) + 3 composite?
False
Let o be (-4 - 0)/(19/38). Let n(k) = 166*k**2 - 7*k + 7. Is n(o) a prime number?
True
Is (6 - 7)*((5 - 8) + 4)*-321217 composite?
True
Suppose -9*c = -7*c - 2514. Suppose 3*q - j = 3791, -2*j - c = -q - 5*j. Is q composite?
True
Suppose 6106034 + 3022386 = 20*p. Is p composite?
True
Suppose -15*s + 5443431 = -2*s + 8*s. Is s a prime number?
True
Is (-870549)/(-4) - (((-84)/24)/7)/(-2) composite?
True
Let w = 1850065 - 804372. Is w a composite number?
True
Let u(l) = 210*l**2 - 2*l + 1. Suppose -j - 5*r - 9 = 3*j, -r = -5*j - 33. Let w be 2 + (4/j)/((-8)/(-12)). Is u(w) prime?
False
Let u be (-16)/(-20) - 348/10. Let c be 192/(-14)*(-70)/5. Let v = c - u. Is v a prime number?
False
Let j be -11 + 1413 - (2 - 0) - 2. Suppose -4577 = -5*h + j. Is h composite?
True
Let v(h) = 6*h**3 + 23*h**2 - 22*h - 39. Let p(n) = 6*n**3 + 25*n**2 - 22*n - 39. Let y(b) = 3*p(b) - 4*v(b). Is y(-8) a prime number?
True
Let v = 124474 + -87995. Is v composite?
False
Let z(m) = -2610*m + 217. Is z(-2) a composite number?
False
Let w = 21103 + 59014. Is w prime?
False
Let w = 35 + -36. Let x(q) = 4376*q**2 + 6*q - 1. Is x(w) composite?
True
Suppose -2*b + 56 = 4*w, 4*b + 2*w - 127 = -w. Suppose -16*p + b*p - 301122 = 0. Is p prime?
True
Let n(v) = 14*v + 11. Let f be n(-6). Let j = 77 + f. Suppose j*w - 30 = 70. Is w composite?
True
Let d(n) = -33*n**2 - 110*n**3 + 0 + 62*n**2 - 30*n**2 - 1 - 3*n. Is d(-1) prime?
False
Let f(u) = -748*u - 82. Let w(t) = 750*t + 83. Let z(g) = 6*f(g) + 5*w(g). Is z(-5) composite?
False
Let s be (-17518)/(-14) - (-18)/(-63). Suppose 2*x = v - 6*v + 9, -3*x - 2*v + 8 = 0. Suppose n + s = 5*h, -3*n - x*n - 231 = -h. Is h composite?
False
Let o = -457 - -447. Is 97*121 + o + (16 - 8) a composite number?
True
Suppose 102*s = 110*s - 3224. Let p = s - 72. Is p a composite number?
False
Let k(q) = -4440*q - 469. Is k(-4) prime?
True
Let k(v) = -4*v + 46. Let g be k(12). Is 1388/((g - 4)/(-3)) a composite number?
True
Let z(s) = 84*s**2 - 7*s + 109. Let k be z(-13). Let u = k + -8835. Is u composite?
True
Let w(v) be the second derivative of 43*v**4/12 - 7*v**3/6 - 7*v**2/2 + 15*v. Let l(o) be the first derivative of w(o). Is l(3) composite?
False
Suppose 2*o = -4*z + 18, o + 39 = 4*o + 3*z. Suppose o*v - 15 = 14*v. Suppose b = -v*y + 6010, 2*y + 3*b = 6*b + 2387. Is y prime?
True
Suppose -4*q = -2*t - 132210, 3*q + 0*t - 99130 = -4*t. Suppose q = 8*n - 16766. Is n a prime number?
False
Let c(l) = -682*l**3 - 2*l - 1. Let t = -132 + 75. Let f = 56 + t. Is c(f) a composite number?
False
Suppose -487*d + 486*d = -5. Suppose -3*s + d*x - x = -24637, 2*s - 4*x - 16418 = 0. Is s prime?
True
Let k = 170 - 157. Let g(r) = 52*r + 69. Is g(k) a prime number?
False
Let m be (7734/(-6))/((-7)/(-77)). Let i = m - -23706. Is i prime?
False
Let t = 2343 + 4504. Is t composite?
True
Let m(y) be the first derivative of 11*y**2/2 + 72*y - 16. Let o(l) = l + 1. Let t(p) = m(p) - 5*o(p). Is t(13) a prime number?
False
Let y be (-146 - -2) + 0/1 - 4. Is y/(-111)*48882/4 composite?
True
Let n be (-25 - -11) + -2*2/4. Is 764*n/(-40)*(-68)/(-6) a composite number?
True
Suppose 0*g = -3*m - 5*g + 8423177, -m + 2*g = -2807733. Is m a prime number?
True
Suppose 0 = 6*p - 403 + 61. Is (-38)/p + 49569/9 a prime number?
True
Let j = -16668 - -601921. Is j prime?
False
Let m = -3560 + 8883. Is m prime?
True
Suppose -12217780 - 12596785 = -65*p - 176*p. Is p a prime number?
False
Suppose g = 2*g - 9781 - 9750. Is g prime?
True
Suppose 26*l - 25*l = 5929. Let d = 2730 + l. Is d prime?
False
Let w be 1 - (5/(-3))/((-10)/(-270)). Let r = w - 46. Suppose r*l = -3*l + 3027. Is l a prime number?
True
Let t = 114667 + -188115. Is t/(-6) + -2 + (-3)/9 a composite number?
False
Let z(p) = 7*p - 61. Let l be z(9). Suppose 0*s + 5 = -s, -4880 = -l*y + 2*s. Is y a prime number?
False
Let a(q) = -6917*q**3 - 5*q**2 - 3*q + 5. Is a(-2) composite?
True
Is ((-18)/(-12))/((-27)/(-1487718)) a composite number?
False
Let l(g) = 23*g**3 - 65*g**2 + 4*g + 1. Is l(14) composite?
True
Is ((-107352125)/(-1250))/((-2)/(-20)) a composite number?
False
Suppose 44*u = 50*u - 12. Suppose -5*j + u*v = -86449, -j + v = 1747 - 19035. Is j composite?
False
Let h(a) = a**3 - 4*a**2 + a - 15. Let k = -37 + 31. Let z be h(k). Is -1 + (2 - z) + 0 a prime number?
False
Let p(u) = 45*u**3 - 30*u**2 + 15. Let k be p(14). Suppose 9849 = -18*g + k. Is g a prime number?
True
Suppose 4*v - 3 = -4*d + 1, 0 = 2*d + v. Let a be -5*((-3)/5 + d). Let w(i) = 53*i - 17. Is w(a) a composite number?
True
Suppose 0 = 3*s - 3*b - 147, s + 2*b = -2*s + 142. Let u = 87 + s. Suppose 5*p = -5*o + 2450, 5*o - 3*p = u + 2323. Is o composite?
False
Let u be 201/(-6)*(-8 + 5 - -1). Let z = -1596 - -2688. Suppose -w = -2*i + z - u, 526 = i - 5*w. Is i composite?
True
Let c = 57596 + 107273. Is c a prime number?
False
Let i be 1/(-7) - (-452115)/(-105). Is (0 + -15)/3*i/10 prime?
True
Suppose w - 5*g - 81 = 0, 4*w - g - 65 - 354 = 0. Let h = 6907 - w. Is h composite?
True
Let w(k) = -843*k + 1066. Is w(-61) a composite number?
False
Suppose -3*g + z = -30, z + 72 = 5*g + 22. Is ((g - 9)*127)/((-2)/(-6)) prime?
False
Suppose -2*l + 5*l = -4*h - 23, h = 2*l - 3. Is (7414/(-44))/(l/2) prime?
True
Suppose a - 10 = 7*d - 6*d, -2*a - 4*d = 4. Is (a/(-27))/((-10)/105390) a prime number?
False
Let r(u) = -4107*u - 20. Let d be r(-5). Let h(n) = 2*n**3 + n**2 - 10*n + 11. Let v be h(2). Suppose -6*q = -v*q + d. Is q prime?
False
Suppose -124 = -7*u + 3*u. Let k(j) = u*j + 3 - 31*j - 26*j**3. Is k(-2) prime?
True
Suppose 2*o = -g - 3*o - 8, g - 12 = 5*o. Suppose -g = -2*v, 4*f + 4*v - 2*v - 10298 = 0. Suppose -2*c + f = 2*c - 2*r, 3*r = 5*c - 3220. Is c prime?
True
Let r(o) = -124*o + 7. Let l = 90 - 86. Let u be (-5 + 12/l)/(1/3). Is r(u) a composite number?
False
Suppose -3*k = -8482 - 5402. Let b = 6606 - k. Suppose -b = -v - v + 3*t, v + 5*t - 1015 = 0. Is v a composite number?
True
Let o(x) = -792*x**3 - 9*x**2 - 16*x + 19. Is o(-4) composite?
False
Is (324/84 + (-1)/(-7))*117575/20 a prime number?
False
Let v(p) = -27*p**3 - 58*p**2 - 437*p - 369. Is v(-34) a prime number?
False
Let f(j) = -j**3 - 3*j**2 - 11*j - 7. Let r(c) = c**2 + c**3 - 44*c + 45*c - 4*c**2 + 2*c**2. Let z(y) = f(y) + 2*r(y). Is z(10) a prime number?
False
Suppose -2*p = -9731 - 23067. Suppose -6*o + p = -1799. Let k = o - 2140. Is k prime?
False
Let y(x) = 80*x**2 + 40*x + 42. Let i(f) = 27*f**2 + 13*f + 14. Let m(s) = -17*i(s) + 6*y(s). Let g be m(12). Suppose -499 = -5*w + g. Is w prime?
False
Let j(y) = -2*y**2 + y + 3. Let n be j(3). Let f be 40/100 + n/5 + 0. Is ((-18188)/(-12))/(f/(-6)) prime?
True
Let c be (2*1)/((-201)/(-33) - 6). Let s(h) = -19 - 1250*h + c + 106*h. Is s(-1) a prime number?
False
Let u(c) = 20*c. Let z be u(6). Let j = 214 - z. Suppose 1 = -3*h + j. Is h composite?